 = -a**3 + 6*a**2 - 6*a + 6. Let n be ((-3)/(-2))/(6/8). Suppose 12 = d + n*d. Is c(d) a prime number?
False
Is (1 + (1 - -675))*13 a composite number?
True
Let y be 4/((-16)/12) - -441. Suppose -64 = -2*z + y. Is z a composite number?
False
Suppose 2*q - 10 = -k - 3*k, 4*q + 5*k - 14 = 0. Let v be q/((-2)/6) + 0. Is 3/(v/(-38)) - 1 a composite number?
False
Suppose 1103 = 2*w - w. Is w a prime number?
True
Let k = -12 - -12. Is (k + (-1)/1)*-11 a prime number?
True
Suppose 5*s - 4881 = -2*k, 2937 = 3*s - k - 2*k. Is s composite?
False
Let b(j) = -j + 4. Let i be b(0). Let t be (i + 2)*(1 + 9). Let z = t + 239. Is z a prime number?
False
Suppose 120 = 3*i - r - 146, -2*i = 3*r - 159. Is i a prime number?
False
Let t(c) = c**3 + 4*c**2 - 5*c + 2. Let f be t(-5). Is f/5 - (-3039)/15 prime?
False
Let v(h) = 34*h**2 + 2*h. Let z(t) = -33*t**2 - 3*t. Let l(q) = 4*v(q) + 3*z(q). Let n be l(-4). Suppose -3*o = o - n. Is o prime?
True
Is (-251)/2*(-3 + 1) composite?
False
Let a be ((-2)/8)/(7/(-84)). Suppose 2*k - 113 = a. Is k a prime number?
False
Let b(m) = m**2 + 6*m + 1. Let a be b(-4). Let q = a - -10. Is q prime?
True
Is ((-388)/(-3))/((-22)/(-33)) composite?
True
Suppose 0*d - 3*d + 7 = -2*n, -2*n - 4 = 0. Let x be (d + 0)/((-3)/6). Is 57 + (4 - (x - -4)) a composite number?
False
Suppose 677 + 933 = 5*k. Let a = k + 15. Is a composite?
False
Suppose 5*l - 309 - 401 = 0. Is l prime?
False
Let j = -18 - -10. Let q be 116/6 - j/(-24). Let w = q + 124. Is w composite?
True
Let v = 1 - -2. Suppose 0 = -v*u + 19 + 38. Is u prime?
True
Let c be 2*(-3 + 4) + 2. Suppose -412 = -0*w - c*w. Is w composite?
False
Let t(w) = 4*w**2 - 25*w - 4. Is t(13) a prime number?
True
Let p = -16 - -10. Is 0 + 0 - (-65 - p) composite?
False
Let q(m) = -m**3 - 20*m**2 + 8*m + 26. Is q(-21) a composite number?
True
Let v(w) = w + 2. Let m be v(-2). Suppose m = 4*o - 5*o + 321. Is o composite?
True
Let j be (-6)/5*(-15)/(-6). Let s = -50 + -13. Is s/(-6)*(-26)/j a prime number?
False
Let w(o) = 16*o + 11. Is w(9) composite?
True
Suppose -5*r + 4*r + 2*u = -25, 2*u + 100 = 4*r. Let o = r - 2. Is o prime?
True
Suppose -5*l + 4*l - h = -57, -4*h = l - 54. Is l*(-1 - (-5)/2) a composite number?
True
Let p(s) = 2*s**2 - 3*s - 15. Is p(8) prime?
True
Let m(j) = -j + 12. Let b be m(8). Suppose -3*l + 365 = b*c, c + 0*l - 95 = -2*l. Is c composite?
False
Suppose -4*t + 4*b = 1052, -3*b + 1 = -8. Is -2 + -1 + t/(-2) a prime number?
True
Let b = 1515 - 656. Is b a prime number?
True
Suppose -q + 344 = 4*u, 0*u = 5*u - 5*q - 430. Is u prime?
False
Let b(c) = c**2 + 5*c + 6. Let j(v) = 2*v**2 + 5*v + 6. Let m = -1 - -7. Let x(t) = m*j(t) - 7*b(t). Is x(5) a prime number?
False
Is (-3)/(-1) + 54 - 4 a prime number?
True
Suppose 5*g = 2*g + 45. Is g prime?
False
Suppose n - 3 - 1 = -o, -5*n + 5*o - 20 = 0. Suppose n = -4*b + 1437 - 285. Suppose -3*y = f + 5 - 287, -f = -3*y + b. Is y a composite number?
True
Suppose -50 = s - 202. Suppose -s = -5*f + 333. Is f prime?
True
Let j(k) = 2*k**2 + 21*k - 12. Is j(15) a prime number?
False
Suppose 4*j - 1446 - 498 = 0. Let a = j - 866. Is a/(-12) - (-4)/(-6) prime?
True
Let o = 67 + 200. Suppose 3*n - o = -0*n. Is n a composite number?
False
Let l(w) = 41*w**2 - 9*w - 3. Is l(-11) prime?
False
Suppose 0 = -3*i + 2*i + 269. Is i a prime number?
True
Suppose 3*b - n = 42, -5*n + 42 = -b + 4*b. Suppose h - b = -h. Is h composite?
False
Suppose 2*f = -1 + 15. Is f composite?
False
Let f = -1113 + 1804. Is f composite?
False
Let k(i) = -2*i**3 - 4*i**2 - 4*i - 3. Let t be k(-2). Let g(w) = -6*w - 30. Let l(s) = 5*s + 31. Let c(v) = t*l(v) + 4*g(v). Is c(0) a prime number?
False
Let b = -1 + 3. Let r(c) = 32*c**3 + 4*c**2 - 4*c + 3. Let s be r(b). Suppose -3*l - s = -6*l. Is l a prime number?
True
Suppose -b = 3*u - 6, 2*b + 3*b = -2*u - 9. Suppose 0*h - 144 = -4*a - h, u*a - 123 = 3*h. Is a a composite number?
False
Suppose 0 = 4*o - o - 3426. Suppose 0 = 3*v - o + 23. Is v a composite number?
False
Let y = 573 + 265. Suppose -2*x + o = -3*x + 209, 4*x - y = -3*o. Is x composite?
False
Let k(i) be the second derivative of i**5/20 - 7*i**4/12 - i**3/3 + 5*i**2/2 + 2*i. Suppose -2 = -5*h + 38. Is k(h) prime?
True
Suppose 2*a - 3*q = 7*a + 26, -3*a = q + 18. Suppose -2*u + 0*u - 4*b - 144 = 0, u + 47 = 3*b. Let k = a - u. Is k a prime number?
False
Suppose 3*n = -f - 2*f, 6 = -2*n. Suppose 0 = 3*j + 2*u - 227, -3*j + 229 = -f*u + 4*u. Is j composite?
True
Suppose 6*m = -7*m + 1469. Is m a composite number?
False
Suppose -2*o - 5*n = -0*o + 7, 0 = 3*o - n - 15. Suppose o*r = -4*z + 337 + 275, -3*z - 326 = -2*r. Is r prime?
True
Let j(r) = 50*r - 5. Let i be j(4). Suppose -3*h = -558 - i. Is h a composite number?
False
Let a(l) = l**3 - l**2 + 4. Let u be a(0). Suppose -2 = -v, -u*v = 4*y - 29 - 311. Is y composite?
False
Let f(u) = u**2 - 2*u - 2. Let v be f(3). Let b = -16 - -21. Suppose -5*z + 2*g = -37, -z - b*g + v = -1. Is z prime?
True
Suppose 0 = -4*c + k - 23, -k = -c - 2*c - 18. Let m(y) = -y**3 - 5*y**2 + 3. Let t be m(c). Suppose 0*h - t*h = -165. Is h a composite number?
True
Let s(g) = 29*g - 9. Let a be s(8). Let c = -126 - -66. Let u = a + c. Is u prime?
True
Is 4/(-14) + (-4460)/(-28) a prime number?
False
Let a(y) = -y - 2. Let c be a(-6). Suppose -5*l + 149 = -c*l. Is l a prime number?
True
Let y(v) be the second derivative of -v**3/2 - 5*v**2/2 - 4*v. Is y(-12) prime?
True
Let m be 1/(-2) + (-18)/(-4). Is 3 - m - (0 - 212) composite?
False
Let l be 100/16 + 1/(-4). Is l/(-4)*(-1304)/12 prime?
True
Let f = 18 + 1. Is f prime?
True
Suppose 742 = 2*o - 96. Is o a prime number?
True
Suppose -5*s + 401 = 3*l, -l + 6*l = 10. Is s prime?
True
Let p(s) = 137*s + 9. Is p(4) a prime number?
True
Suppose 2*d = -d - 3*v + 468, -2*d + 3*v = -317. Is d a prime number?
True
Let j(z) = z - 8. Let c be j(7). Is (-1 - -1 - c)*127 composite?
False
Let n = 42 + -9. Is n a composite number?
True
Let g be ((-4)/6)/(2/90). Let c = g + 8. Let t = 35 - c. Is t prime?
False
Suppose -6*q + 3*q = -180. Let b = q - -9. Is b prime?
False
Let i be ((-28)/42)/((-2)/1878). Let o = 1161 - i. Is o composite?
True
Let q be (-17)/(-3) - 4/6. Suppose -4*c + 164 = -9*j + 4*j, -q*j - 26 = -c. Let f = c - 25. Is f a prime number?
False
Let k = 17 + -9. Let s(p) = -p - 6. Let j be s(k). Let w = j + 49. Is w composite?
True
Suppose 0 = 2*f + 25 - 291. Is f a prime number?
False
Suppose -15*k + 11*k + 8724 = 0. Is k a composite number?
True
Suppose -4*n + 3*n = 5*y - 13079, 4*y + 4*n - 10476 = 0. Is y prime?
False
Suppose q - 10 = -q. Let c(g) = -g**2 + q*g - 5 + 2 + 2*g**2. Is c(5) a prime number?
True
Let m(k) = -105*k - 41. Is m(-10) composite?
False
Let d(f) = 19*f**2 - 6*f - 32. Is d(15) prime?
True
Let s(y) = -y**2 - 4*y - 1. Let m be s(-6). Is (-10 - m) + (1 - -747) composite?
False
Let u(h) = h**3 + h**2 - 2*h + 1. Let l be u(1). Is (21/9)/(l/9) prime?
False
Let n(i) be the second derivative of 2*i + 31/2*i**2 + 1/6*i**3 + 0 + 0*i**4 + 1/20*i**5. Is n(0) composite?
False
Is 56/(-56)*1285/(-2 - -1) a composite number?
True
Suppose 0 = 5*s + 5*y - 8440, -2*s - 3*y + 3371 = -0*s. Is s prime?
True
Suppose 0 = g + 4*b - 32, g = 6*g + 3*b - 92. Let j be g + 3 + 1 + 0. Suppose -y + j = -3*w + 4*w, 4*y - 5 = w. Is w prime?
False
Let k be 4*(1 + (-3)/(-3)). Is 9801/44 - (-2)/k prime?
True
Is -2 - ((-7270)/8 - (-11)/(-44)) a composite number?
False
Let r(o) = o**3 + 3*o**2 + o + 1. Let w be r(-2). Suppose 2*s - w*s = 0. Suppose s = -0*k + k - 15. Is k prime?
False
Let x(u) = 2*u**2 - 19*u + 22. Is x(-17) a prime number?
False
Let m(q) = -1. Let i(v) = 18*v - 2. Let s(y) = i(y) - 3*m(y). Let z be s(2). Let u = z - -94. Is u a prime number?
True
Let p be (-1 - -215) + -7 + 4. Let x = p - 146. Suppose -101 = -3*c - d, 20 = 3*c + 5*d - x. Is c a composite number?
True
Let o = -342 + 153. Let i = 276 + o. Is i a composite number?
True
Suppose 0 = -2*l + 197 + 317. Is l a prime number?
True
Let i(o) = -o - 1. Let x(u) = -5*u**2 - 2*u + 4. Let v(k) = -3*i(k) - x(k). Is v(-4) a composite number?
False
Suppose -4*r + 4*l = -16, -5*r + 4 + 19 = -2*l. Let s = 11 - r. Is s prime?
False
Let r be 2/(-10) + 42/10. Suppose -2*y + 4*d + 1 + 93 = 0, -2*y - r*d + 126 = 0. Is y a composite 